 the greatest common divisor of l and 102.
6
Let k = 303 + -198. Calculate the highest common factor of k and 63.
21
Let u be 1 + 44 + 6/2. Let k be (7 - 6)/(2/u). What is the highest common divisor of 60 and k?
12
Let n = 6 - 10. Let a be (2/n)/(4/(-16)). Let l be (-75)/6*-2 + a. Calculate the highest common factor of l and 9.
9
Let v(w) = w**2 + 2*w + 7. Let q be v(-6). What is the highest common factor of q and 217?
31
Suppose 0 = 2*n + 24 - 88. What is the greatest common factor of n and 4?
4
Let c be ((-8)/(-10))/((-13)/(-130)). Calculate the greatest common divisor of 2 and c.
2
Let g(y) = y**2 - 16*y - 13. Let d be g(17). What is the highest common divisor of d and 20?
4
Let c(k) = -k**2 + 4*k + 10. Let j be c(6). Let d be 0 + -2 - 16/j. Calculate the greatest common factor of d and 12.
6
Let b = -9 + 5. Let w = 18 + b. Let a(l) = -41*l + 3. Let q be a(-3). Calculate the highest common divisor of w and q.
14
Let j(u) = -11*u**3 + 3*u**2 + 2*u + 3. Let o be j(-2). Let l be (o/6)/(9/48). What is the highest common factor of 11 and l?
11
Suppose 2*x = -2*r + 3*x + 5, r = x. Suppose k - r*k + 16 = 0. What is the greatest common factor of 28 and k?
4
Let k = 2 - 1. Suppose 3*x + k = 13. Suppose -x*c + z = -532, 0*c = 2*c + 4*z - 248. What is the greatest common factor of 12 and c?
12
Suppose f + 2*f - 59 = -5*j, 2*j = f + 17. Let w be j + 0 + (-2 - -2). Let a be (0 + -10)/((-3)/15). Calculate the highest common factor of w and a.
10
Let l(v) = -v**2 + 5*v - 6. Let h be l(4). Let s = -20 - h. Let g be (s/(-7))/(1/42). Calculate the greatest common divisor of g and 12.
12
Let k = -5 + 56. Let f = 108 - k. Calculate the greatest common factor of f and 19.
19
Let k(j) = j**3 + 16*j**2 + 7*j. Let s be k(-15). Calculate the highest common divisor of s and 15.
15
Let y(x) = 4*x**2 - 2. Let s = 2 + 0. Let g be y(s). Calculate the highest common factor of 154 and g.
14
Let v = -3 - -6. Suppose 3*l + 41 = v*n - 46, 4*l - 52 = -3*n. Calculate the greatest common factor of 6 and n.
6
Suppose 4*z + 190 + 18 = 5*x, -52 = z + 2*x. Let u be (-9)/(-8)*-2*z. What is the highest common divisor of u and 13?
13
Let b(w) = 7*w**2 - 11*w + 3. Let u(f) = -4*f**2 + 6*f - 1. Let p(j) = 3*b(j) + 5*u(j). Let g be p(4). Calculate the greatest common factor of g and 16.
8
Suppose -u - 8 = 34. Let x = u + 8. Let t be (-1 + 3 - x) + 0. Calculate the highest common factor of t and 12.
12
Suppose v = 5 - 1. Suppose -v*g - 5*j = -3*g - 44, -g + 3*j + 28 = 0. Let t(r) = 22*r**2 - r - 1. Let m be t(2). Calculate the highest common factor of m and g.
17
Let n be -1 - -4 - (1 + 0). Suppose 4*b = -n*k - 6, 3*k - 3*b = 2*b - 31. Let c be -3 - -1 - k/1. What is the greatest common factor of c and 10?
5
Suppose 6 = 3*n + k - 5, 5*n + 2*k - 17 = 0. Let b be 12 + 2/(-1 + -1). Suppose -b = -n*a + 34. Calculate the highest common divisor of a and 9.
9
Suppose -7 = 2*k - 5*v, 2*v + v = -2*k + 1. Let y = k - -7. Calculate the highest common divisor of 60 and y.
6
Suppose -4 = -10*b + 206. Calculate the highest common divisor of 105 and b.
21
Let u = -8 - -11. Let b = u - 2. Let x be b/(-3) + 38/6. Calculate the greatest common divisor of 42 and x.
6
Suppose 0 = -4*f - a + 4*a + 9, 5*a = 5*f - 15. Suppose f = 6*s - 0*s - 192. Calculate the highest common factor of s and 8.
8
Let x = 5 + -8. Let r be (90/24)/(x/(-8)). Calculate the greatest common divisor of 110 and r.
10
Suppose -5*q = 4*c + 1, -q - 3*q - 5 = -c. Calculate the greatest common divisor of c and 4.
1
Let j = 21 - -42. Calculate the greatest common divisor of j and 9.
9
Suppose o + b + 31 = -2*o, -4*b + 8 = 0. Let f be (o + (-2)/(-1))*-6. Calculate the highest common factor of f and 6.
6
Let q = -24 + 51. Calculate the greatest common factor of q and 27.
27
Suppose j - 3*d - 20 = 12, 0 = 3*j + 2*d - 96. What is the greatest common factor of j and 224?
32
Suppose 2*g + 0 = -2. Let v be (-11)/g + (-4)/2. What is the highest common factor of 81 and v?
9
Let x = -65 + 175. Calculate the greatest common divisor of 10 and x.
10
Let c = 11 + -2. Let y be (-96)/(-10) - c/15. What is the highest common divisor of y and 36?
9
Let h = -76 + 121. Let r = 6 + -1. Calculate the greatest common factor of h and r.
5
Let o = -26 - -51. Let f be (-2)/(-5 + 3) + o. Calculate the greatest common divisor of f and 26.
26
Let t be 15/4 - (-1)/4. Suppose 9*s - t*s - 2*j - 148 = 0, 2*s - 56 = 4*j. Suppose -3*n + s = 2*n. Calculate the greatest common factor of 30 and n.
6
Suppose 106 = -4*g + 2*v, -3 = -3*g + 4*v - 90. Let t = g - -43. Calculate the highest common factor of 36 and t.
18
Let h = -7 - 5. Let c(s) = -s**2 - 5*s + 7. Let d be c(-6). Let o be h/10*(d + -31). What is the greatest common factor of 12 and o?
12
Suppose -5*z + 54 = 3*v, -v - 2*v = 6. Calculate the highest common factor of 24 and z.
12
Suppose 0*f + 22 = 2*f. Let x(a) = 10*a**2 + a + 2. Let w be x(2). What is the highest common divisor of f and w?
11
Let x be (-49)/(-4) - (-2)/(-8). Let f(o) = 2*o**2 + 3*o - 4. Let q be f(-3). Suppose -q*c + c + 384 = 0. What is the highest common factor of x and c?
12
Let h be (-1 - -3) + -1 + 13. Let c = 24 - h. What is the greatest common divisor of c and 50?
10
Let q(v) = -v**2 + 7*v - 2. Let t be q(8). Let d be (6/t)/((-5)/25). What is the highest common factor of d and 21?
3
Let b(n) = n + 7. Let i be b(-5). Suppose -l + 20 = -i*q, 4*q + l - 5*l = -48. Let c be (q - -1)/(1/(-7)). Calculate the highest common factor of c and 7.
7
Suppose b - 4*l = 10, 4*l + 0*l - 26 = -5*b. What is the greatest common divisor of 3 and b?
3
Suppose 5*b - 2*b + 2*f + 2 = 0, -4*b + f + 12 = 0. What is the highest common divisor of b and 2?
2
Let j(v) = -v**3 + 16*v**2 + 8*v - 20. Let x be j(16). What is the greatest common factor of 27 and x?
27
Suppose -3*z + 31 = 2*f, 3*z - 10 = z. Suppose -3*p - q + 267 = 0, -5*p + q = 6*q - 455. What is the highest common divisor of f and p?
8
Let c = 430 - 305. What is the greatest common divisor of 50 and c?
25
Let u = -17 + 21. Calculate the highest common divisor of 28 and u.
4
Suppose -n = 3 - 18. Suppose 61*s - 15 = 58*s. What is the highest common factor of n and s?
5
Suppose -4*f = f. Suppose 12 = 2*p - f*p. What is the highest common divisor of p and 3?
3
Let w(f) = -4*f**2 - f + 1. Let c be w(1). Let x be (-3)/c + 436/16. Suppose -3*j + 7*j = 28. Calculate the greatest common factor of x and j.
7
Let h(d) = -2*d**2 + 5*d - 3. Let w be h(5). Suppose -3*b = b - 216. Let f = b + w. What is the greatest common factor of f and 65?
13
Let c be ((-2)/(-5))/(1/30). Calculate the greatest common factor of 24 and c.
12
Let s = 20 - 22. Let l(i) = 2*i - 1. Let m be l(-1). Let x be s*m/(-6)*-3. Calculate the greatest common divisor of x and 2.
1
Let p = -60 - -126. Suppose 4*o = p + 54. Suppose 5*r = l - 10, -r + 66 = 3*l + 2*r. Calculate the greatest common factor of o and l.
10
Let p(i) = -3*i - 1. Let z be p(-5). Let d = 25 - z. Calculate the greatest common factor of d and 77.
11
Let p(q) = -q**2 + 4*q + 5. Let t = -1 - -6. Let z be p(t). Suppose z = 3*w - 9, -h + 2*h - 46 = w. What is the greatest common divisor of h and 7?
7
Let g be (72/15)/(2/(-10)). Let z be g/(-10) + 8/(-20). Suppose 5*s - 51 = o, -2*o - 14 = -0*s - z*s. What is the greatest common divisor of s and 1?
1
Let p be (3/3)/(2/6). Let b = p + -2. Let w(q) = q**2 + 3*q - 9. Let x be w(-5). Calculate the greatest common divisor of x and b.
1
Let i(r) = -r**2 - 6*r - 4. Let n be i(-6). Let d = 23 - 16. Let o = n + d. Calculate the highest common divisor of 33 and o.
3
Let k be (-64)/10 - 4/(-10). Let z be (-2*27)/(k/4). What is the greatest common divisor of z and 12?
12
Suppose -12*q + 229 = 25. Calculate the highest common divisor of 119 and q.
17
Let h(p) = p**3 - p**2 + 2. Let c be h(0). Suppose c*q + 32 = 6*q. Suppose -2*b - 2*b + q = 0, 0 = -r + b + 30. What is the greatest common divisor of 48 and r?
16
Let r be (-2 - 6/(-2))*7. Suppose -21 = -5*b + 14. What is the greatest common factor of r and b?
7
Let u be (4 + 1)/(1/4). Suppose 0 = 7*n - 3*n - 720. Calculate the greatest common divisor of n and u.
20
Let f(v) be the second derivative of 1/2*v**3 - 2*v**2 + 1/12*v**4 + 0 - 3*v. Let q be f(-9). Calculate the greatest common divisor of 20 and 